6. What is the tens digit of w(-5)?
2
Suppose -4*q - 6 - 2 = 0. Let y be -1 - -1 - q*9. Let j = y - 13. What is the units digit of j?
5
Suppose -12 - 6 = -h. What is the tens digit of h?
1
Let r = -349 + 580. What is the hundreds digit of r?
2
Let g be (-5)/(10/6 + -2). Suppose -s + 3*b + g = 0, -4*s - 4*b = -7*b - 60. What is the units digit of s?
5
Let a(l) = 18*l + 13. What is the tens digit of a(8)?
5
Let x(z) = 5*z**2 + 2*z - 3. Let d(p) = -4*p + 5. Let v be d(2). What is the tens digit of x(v)?
3
What is the tens digit of 8/5*350/20?
2
What is the units digit of (-22)/(-55) - (-273)/5?
5
Let b = 247 - 56. What is the tens digit of b?
9
Suppose 4*w + 5 + 19 = 0. Let q = -3 - w. Suppose -21 = -5*v + 3*r, 0*r - r + 7 = q*v. What is the units digit of v?
3
What is the hundreds digit of (2/4*-2)/1*-217?
2
Suppose c + 38 = 2*c. Let n = -15 + c. What is the units digit of n?
3
Let o(b) = 4*b + 2. What is the units digit of o(9)?
8
Let s = 71 - 22. What is the tens digit of s?
4
Let u be (-18)/(-8)*(13 - 5). Suppose 0 = z - 3*q - u, -3*q = -5 + 20. Suppose z*o + 6 = 0, -t - 11 = -2*t + o. What is the units digit of t?
9
Suppose -26 = -3*f - 8. What is the units digit of f?
6
Let k(d) = -6*d**2 + 7*d**2 - 6 + 0*d - d. Suppose -5 = -h + r, -h + 2*r = 2*h - 15. What is the units digit of k(h)?
4
Let n be 0 + 1 + (-4)/(-2). Suppose 2*y - 4*i = 16, n*i + i = -2*y + 56. What is the tens digit of y?
1
Let y(s) = 2*s**2 - 5*s - s**3 + 2*s**2 + 2*s**2 - 3. What is the units digit of y(4)?
9
Suppose -12*q + 405 = -3*q. What is the units digit of q?
5
Let g(l) = 7*l**2 - 4*l - 3. What is the units digit of g(-2)?
3
Let x(i) = i**2 - i - 12. What is the units digit of x(7)?
0
Let j be (-78)/(-9) + (-2)/(-6). Let p(x) = x**2 - 7*x - 10. What is the units digit of p(j)?
8
Suppose -k - 4 = -7. Suppose -5*v + k*v = 0. What is the units digit of -2 - (1 - v - 6)?
3
Let d(v) = v - 6. Suppose -1 = p - 9. Let s be d(p). Let a = s - 0. What is the units digit of a?
2
Suppose -4*d + 5*d + 8 = 0. Let y = 0 - d. What is the units digit of y?
8
Suppose 15 = 3*y - 81. What is the units digit of y?
2
Let t = 127 + -81. What is the units digit of t?
6
Let d(u) = 9*u - 1. What is the units digit of d(1)?
8
Suppose o + 3*o = 0. Suppose h = 1, -5*q - 2*h + 6 = -h. Let c = q - o. What is the units digit of c?
1
Let l(v) = -v**2 + 6*v + 1. Let t be l(7). What is the units digit of ((-5)/1)/(2/t)?
5
Suppose x = 5*i - 4*i - 56, -77 = -2*i - 5*x. What is the tens digit of i?
5
Suppose -5*m + 3 = -4*j, 2*j = 3*m + 5*j - 18. Suppose 0*s - 33 = -m*s. Suppose -h + 3*o + 15 = 0, -3*h - 5*o - s = -0*h. What is the units digit of h?
3
Let i = -212 + 381. What is the hundreds digit of i?
1
What is the tens digit of 2 - (10/75 - (-2314)/(-30))?
7
Suppose 4*l + 0*l + 16 = 0. Let v be (3/2)/(2/l). Let x = v + 11. What is the units digit of x?
8
Suppose 0 = -4*i + l - 17, 0*i - i - 4*l = 0. What is the units digit of 690/40 - (-1)/i?
7
Let b(x) be the third derivative of x**4/24 + x**3/6 + x**2. Let u be b(-1). Suppose 0 = -4*v + 4 - u. What is the units digit of v?
1
Suppose -3*t - t - 8 = -2*c, 0 = 4*t - 3*c + 4. What is the units digit of t/(-2)*(-123)/(-6)?
1
Let n(i) = -i**3 + 11*i**2 - 12*i + 14. Let c be n(10). What is the units digit of c/(-3) - (-1)/(-1)?
1
Suppose 4*w = 4*r, w - 2*w + 6 = r. Suppose -5*z - 7 = -i, -3*i - w*z + 8 - 5 = 0. What is the units digit of i?
2
Let k be -2 + (4 + 1)*1. Suppose -k*x - 24 = x. Let q(o) = -2*o - 3. What is the units digit of q(x)?
9
Let d = -95 - -103. What is the units digit of d?
8
Suppose 5*y - 30 = -2*w, 10 = 4*y - 4*w - 14. What is the units digit of y?
6
Suppose -5*a + 95 = 5*v - 0*v, -3*a - 5*v + 63 = 0. Let z = a - 8. What is the units digit of z?
8
Suppose -5*y - g = -20, 2*y - 2*g - 2 = 6. What is the units digit of y?
4
Let k(r) be the first derivative of 7*r**3/3 + 2*r**2 + 3*r + 4. Let u be k(-2). Suppose u = 2*i + a + 4, 0 = -4*a + 12. What is the units digit of i?
8
Suppose -4*g - 6 = -3*g. Let w be (-9)/g*(1 - -1). Suppose u + t = 6, 4*u - w*t - 3 = -7. What is the units digit of u?
2
Let b(f) = 2*f**2 + 8*f - 6. Let c be b(-6). Suppose 0 = -t + 3*t - c. Suppose -5*j = -3*p - 1, 3*j - 3*p + t = 2*p. What is the units digit of j?
2
Let t(x) = -x - 2. Let p be t(-3). Let c = 3 - p. Let y(f) = 5*f - 1. What is the units digit of y(c)?
9
Suppose -2*s - s = -15. Suppose -y + 0 = 1, 5*p = s*y + 15. Suppose p = 3*t - 7. What is the units digit of t?
3
Let n(r) = 0*r + 5*r + 7*r - 1 + 0. What is the units digit of n(1)?
1
Suppose -4*i = -3*p + 3 + 14, -p = -i - 5. Let s = 0 + p. Suppose -4*h - 3*v + 33 = -2*h, -h + 24 = s*v. What is the units digit of h?
9
Suppose 2*p - 25 = 7. What is the units digit of p?
6
Suppose 2*v - 4*v = -22. Suppose t = 2 + v. What is the tens digit of t?
1
Let u(o) = -3*o - 6. Let k(n) = n**3 - 4*n**2 - 2*n + 2. Let y be k(4). What is the units digit of u(y)?
2
Let v(f) = f**3 + 6*f**2 - 2*f - 7. Let l be v(-6). Suppose -6 = -l*o + 9. What is the units digit of o?
3
Suppose 5*i - 24 = 36. Suppose 3*v - i = -v. What is the units digit of v?
3
Suppose 2*t = -8 + 20. What is the units digit of t?
6
Let r be (-1 - 4)/((-1)/1). Suppose a = 6*a - r. What is the units digit of (-1)/(1/(-3)) - a?
2
Suppose -5*z + 23 = -22. Suppose -21 = -3*f + z. What is the units digit of f?
0
Suppose -4*m = -1 - 3. Let y(l) = -10*l - 2. Let a(j) = -19*j - 5. Let p(b) = 3*a(b) - 7*y(b). What is the tens digit of p(m)?
1
Let n = 6 - 4. Let f(r) = -4*r**2 + 2*r**2 + 3*r**2 + n*r. What is the units digit of f(2)?
8
Suppose 48 = -l + 3*l - 5*a, -l + 24 = -2*a. What is the tens digit of l?
2
Let g be (16 + -1)/3 + 1. Suppose 3*n = -3 + g. Let d = n - -5. What is the units digit of d?
6
Let x(u) = -u + 17. Let q be x(14). Let f = 28 - q. What is the tens digit of f?
2
Suppose -3*l + 61 = 1. Suppose 0 = -15*q + l*q - 145. What is the units digit of q?
9
Suppose 0 = t + 3*t - 12. Suppose -5*b - 5*x = 150, -t*b - 140 = 2*b - 5*x. Let l = -16 - b. What is the tens digit of l?
1
What is the tens digit of (-5580)/(-105) + (-2)/14?
5
Let b = -4 + 4. Suppose b = -4*o + 39 + 1. What is the tens digit of o?
1
Suppose o - 16 = -z, 5*o - 5 + 35 = 5*z. Let y be 7/3 + z/(-33). What is the tens digit of 30/3*3/y?
1
Suppose 3*z = -0*z - 3*m - 9, 4*z = -5*m - 14. Let x = z + 4. What is the units digit of x?
3
Let n(h) = h**2 - 4*h - 4. Let j be n(4). Let a be (1*-2 - j)/2. Let d = a - -1. What is the units digit of d?
2
Suppose 0 = 2*n - 6*n + 180. What is the tens digit of n?
4
Let n be (-1 + 11/3)*9. Let o = n + -17. What is the units digit of o?
7
Let y = -25 - -65. Let g = y + -24. What is the units digit of g?
6
Suppose -5*n - 14 = 26. Let l be 4/(-16) + 46/n. Let h(u) = -u**2 - 8*u. What is the units digit of h(l)?
2
Suppose g + 2 = 62. What is the tens digit of 12/(-5)*g/(-8)?
1
Let a(s) = 40*s + 48. What is the tens digit of a(4)?
0
Let v(o) = 2*o**2 + 12*o - 18. What is the tens digit of v(-11)?
9
Let y(m) = -m - 4. Let v be y(-6). Suppose v*c - 10 = -4*w + 30, -4*w + 50 = -3*c. What is the units digit of w?
1
Let a(c) = -c**3 - 2*c**2 - 4. Let g be a(-3). Suppose -3*m = m + z - 49, -z = -g*m + 59. What is the units digit of 74/m + (-1)/6?
6
Suppose -7*q + 20 = -2*q. Suppose -2*c - 16 = -q*c. Let z(b) = b**3 - 8*b**2 + 2*b - 9. What is the units digit of z(c)?
7
Let x be -3 + 1 - (-2 - -3). Let q be (-6)/(-9) - (-2)/x. Suppose 0*d + 3*s + 5 = 2*d, -2*d - s + 1 = q. What is the units digit of d?
1
Let d be 15/(0 - (-6)/4). Suppose d = -k - 4*k. Let a = k - -4. What is the units digit of a?
2
Let t be ((-2)/6)/(9/(-108)). Suppose 4*l + 2*s - 42 = l, l - 14 = t*s. What is the units digit of l?
4
Suppose 6*l + 4 = 2*l. What is the units digit of (-175)/(-7) + l/1?
4
Suppose -4*y = -u - 23, -4*y + 8 = -u + 5*u. Suppose -4*s - 58 = -y*j, -s + 26 = 2*j - 4*s. What is the tens digit of j?
1
Suppose 4*f + 2*u = -2*u + 640, 4*u = f - 155. What is the units digit of f?
9
Suppose 0 = -3*a + 2*a + 19. Suppose -a = -5*p + 66. What is the units digit of p?
7
Let q = -4 + 11. Suppose 5*h + 42 = q*h. What is the tens digit of h?
2
Suppose 7 = m - 72. What is the units digit of m?
9
Let g = 42 - 30. Let l = g - 0. Suppose 2*y = 4*q + l, 3*y + 3*q - 23 = -5. Wh